 what is 96 - 176260?
-176164
In base 8, what is -6007760 + 2?
-6007756
In base 12, what is -1171 + -1a02?
-2b73
In base 6, what is -4011 - -443513?
435502
In base 8, what is 701 - -56671?
57572
In base 14, what is 16d54 - 221?
16b33
In base 5, what is 201343 + -442401?
-241003
In base 3, what is -21 + 12010212221021?
12010212221000
In base 13, what is -308c76 + -122?
-309098
In base 9, what is -28858 - -3153?
-25705
In base 13, what is -5 - -1c81a224?
1c81a21c
In base 7, what is 611 + -511152?
-510241
In base 16, what is b + 35080?
3508b
In base 12, what is 2 - 2073a28?
-2073a26
In base 10, what is -146 + -29568?
-29714
In base 16, what is 4 - -93dc8d?
93dc91
In base 6, what is 33535 + 403332?
441311
In base 12, what is b6 - -365457?
365551
In base 5, what is -302 - -4224341020?
4224340213
In base 16, what is a - -b377?
b381
In base 4, what is 1333013332032 - 110?
1333013331322
In base 9, what is -7 + -6086237?
-6086245
In base 13, what is 5 + -27364325?
-27364320
In base 9, what is 5 - 3552715?
-3552710
In base 2, what is -100000101001010 + 1100001?
-100000011101001
In base 10, what is 1720 + 433004?
434724
In base 9, what is 3637 + -283832?
-280184
In base 5, what is -132414313234 - -2?
-132414313232
In base 11, what is 4495 - 3aa4?
4a1
In base 14, what is -4d15 + 1da?
-4b19
In base 2, what is -11000110 - 110010100110010?
-110010111111000
In base 2, what is 100 - -1000000011001110100101?
1000000011001110101001
In base 4, what is 223 - 1022310321202?
-1022310320313
In base 13, what is -69a - 55a65?
-56432
In base 16, what is 37d21 - -49?
37d6a
In base 2, what is -10110111111010101111011 + 10110?
-10110111111010101100101
In base 10, what is 376617351 + 5?
376617356
In base 8, what is -1430 - 122407?
-124037
In base 11, what is 428 - -2138?
2565
In base 8, what is 206547 + -5034?
201513
In base 13, what is -486187 - -3?
-486184
In base 2, what is 110101011001100011110 - -10100010?
110101011001111000000
In base 10, what is 533 - -533195?
533728
In base 2, what is -1000110 - -11111010110100101011?
11111010110011100101
In base 2, what is -100101110 - 110000010110000101110?
-110000010110101011100
In base 14, what is 8832c7 - -3?
8832ca
In base 7, what is -223345 + 2336?
-221006
In base 7, what is 151 - 63615445?
-63615264
In base 7, what is 104 + -26565542?
-26565435
In base 13, what is -6946 + -10b2?
-7a28
In base 9, what is 123628212 + 3?
123628215
In base 16, what is 5 + 83862f9?
83862fe
In base 11, what is -a3585a6 + 22?
-a358584
In base 9, what is 612626 - -101?
612727
In base 13, what is -5 - 7384689?
-7384691
In base 15, what is -2a6 - -7b0c?
7856
In base 13, what is -1038 - -360c?
25a4
In base 11, what is -20 - -586726?
586706
In base 16, what is 37 - -241ca?
24201
In base 7, what is 5122155102 - 3?
5122155066
In base 5, what is 44104203234 - -2?
44104203241
In base 15, what is -7381d0 + -72?
-738252
In base 9, what is -37044 + -111?
-37155
In base 16, what is e10b9 - 112?
e0fa7
In base 16, what is -e + -cbba?
-cbc8
In base 13, what is -1742b1 + cc?
-1741b2
In base 12, what is 3 + 799749?
799750
In base 3, what is -11220210 + 2110110?
-2110100
In base 10, what is -5 + -20357544?
-20357549
In base 7, what is -200 + 1411606?
1411406
In base 13, what is -a + 3451c43?
3451c36
In base 6, what is -2153025 - -25225?
-2123400
In base 5, what is 20121414 - 333?
20121031
In base 7, what is -1534140 - 316?
-1534456
In base 12, what is -3b42 + 4?
-3b3a
In base 6, what is 1311432 - -2112?
1313544
In base 11, what is -5 + 385381a4?
3853819a
In base 3, what is 212002012111222 + 1?
212002012112000
In base 4, what is 10 - -11103301230?
11103301300
In base 9, what is -110 - -313735?
313625
In base 10, what is -899 + -1477?
-2376
In base 13, what is a + -110418?
-11040b
In base 15, what is -1148c - -3?
-11489
In base 11, what is -5251a5 - -59?
-525147
In base 15, what is -828 + -1d13?
-263b
In base 6, what is -33 - -3133113?
3133040
In base 11, what is -181a921 + 5?
-181a917
In base 12, what is -23a02 - -4a9?
-23515
In base 16, what is -7d - 21491?
-2150e
In base 5, what is 12 + 2010211430?
2010211442
In base 13, what is 2 - 2485b8b?
-2485b89
In base 12, what is 128766 - -23b?
1289a5
In base 14, what is a9047 - 60?
a8dc7
In base 13, what is 106a - 2c648?
-2b5ab
In base 12, what is 0 - -7764226?
7764226
In base 5, what is 132221 + 322001?
1004222
In base 5, what is -3010 + -2200231?
-2203241
In base 2, what is -110000100100010011001001 - 111?
-110000100100010011010000
In base 13, what is -aca1679 + -1a?
-aca1696
In base 4, what is 3001212011 + 311?
3001212322
In base 12, what is 25 - 1055001?
-1054b98
In base 5, what is 31331 - 34322?
-2441
In base 13, what is -469020 - -1?
-46901c
In base 10, what is 29825602 - 0?
29825602
In base 15, what is -65e + -220?
-87e
In base 5, what is -1333130034 + -301?
-1333130340
In base 11, what is -20792578 + -4?
-20792581
In base 4, what is 10 + -13002113112?
-13002113102
In base 5, what is 142 + -142144032?
-142143340
In base 13, what is 3a569bc + 0?
3a569bc
In base 3, what is 101020 + 12110000210?
12110102000
In base 4, what is 210201112 - 12103?
210123003
In base 11, what is -2 + 9aa5124?
9aa5122
In base 13, what is 40a0 - 1573?
282a
In base 7, what is -3 + -565032341?
-565032344
In base 4, what is -2 + -23332010?
-23332012
In base 3, what is 11 + 200102002200021?
200102002200102
In base 2, what is 10001110100 - -11100111101101100?
11101001111100000
In base 15, what is -d + -56094?
-560a2
In base 16, what is 20a82dc - 1?
20a82db
In base 5, what is -23103 + -132203?
-210311
In base 12, what is -2 + 135b9b8?
135b9b6
In base 11, what is 3399a - 834?
33166
In base 3, what is -1110 - 1000110002?
-1000111112
In base 16, what is f5c - -13805?
14761
In base 8, what is 676530 - 30?
676500
In base 15, what is 8 + -3180003?
-317eeea
In base 4, what is -3 - -10132111201?
10132111132
In base 10, what is -61379765 - 4?
-61379769
In base 16, what is -2aa0d + -36?
-2aa43
In base 13, what is -ba8cb3 + 5?
-ba8cab
In base 10, what is -176245615 - -5?
-176245610
In base 4, what is 2 + -2020022023?
-2020022021
In base 2, what is -10011100110000 - -1000110100010?
-1010110001110
In base 4, what is 11022031 + -233?
11021132
In base 16, what is -dd6 + -479?
-124f
In base 7, what is 11 - -1200034423?
1200034434
In base 6, what is -124341 - -222440?
54055
In base 11, what is -276747 + -69?
-276805
In base 11, what is 2 + 1594794?
1594796
In base 13, what is 3c9858 + -48?
3c9810
In base 5, what is -403404043400 + 10?
-403404043340
In base 3, what is 122021000000 + 1021?
122021001021
In base 14, what is a1d4 - 19c?
a036
In base 14, what is -9c7c + -298d?
-c82b
In base 5, what is 1122302132 + 40?
1122302222
In base 6, what is 3 - 45115305513?
-45115305510
In base 6, what is -25110 + -100?
-25210
In base 4, what is 202 + 203020120031?
203020120233
In base 6, what is -514 + -443431?
-444345
In base 2, what is -1111101 - 1000000?
-10111101
In base 3, what is -2201102000100 + -120?
-2201102000220
In base 13, what is 120913154 + 5?
120913159
In base 2, what is 11001 + 111100001001000011000?
111100001001000110001
In base 15, what is -17db708c + -2?
-17db708e
In base 3, what is -12200101121 - 1120?
-12200110011
In base 2, what is -101 - -1001001111000100111000101010?
1001001111000100111000100101
In base 5, what is 2 - 12040011312?
-12040011310
In base 7, what is 1 - 3416622?
-3416621
In base 3, what is 101202022021 + -22012?
101202000002
In base 16, what is -10f5fc9 + 0?
-10f5fc9
In base 5, what is 44404402 - -403?
44410310
In base 7, what is 450 + 311126?
311606
In base 14, what is -604 - 350?
-954
In base 15, what is b0c0 + 128?
b1e8
In base 8, what is -2 - 1730513341?
-1730513343
In base 10, what is 2411719 - -3?
2411722
In base 9, what is -2224711 + 5?
-2224705
In base 5, what is -1434434434 - 223?
-1434440212
In base 14, what is 886cc + -2cc?
88400
In base 2, what is 101000000010 - 1011000110001011?
-1010011110001001
In base 14, what is d318 - -116a5?
209bd
In base 4, what is -203 - 330133111?
-330133320
In base 16, what is -9b + -da07?
-daa2
In base 14, what is 3b + 18156b?
1815a8
In base 11, what is -45979 - 2233?
-48101
In base 7, what is -3 - 1540150043?
-1540150046
In base 7, what is -13004154 - 0?
-13004154
In base 9, what is -110433 + 0?
-11